{"id":3580,"date":"2017-07-01T16:33:42","date_gmt":"2017-07-01T19:33:42","guid":{"rendered":"http:\/\/theinternationalobservatory.com\/?page_id=3580"},"modified":"2017-10-29T21:30:05","modified_gmt":"2017-10-30T00:30:05","slug":"todays-public-international-law","status":"publish","type":"page","link":"https:\/\/theinternationalobservatory.com\/index.php\/todays-public-international-law\/","title":{"rendered":"Today&#8217;s Public International Law"},"content":{"rendered":"<div class=\"wpb-content-wrapper\"><p>[vc_row row_layout=&#8221; fullwidth&#8221; row_bg=&#8221;grey&#8221; padding_top=&#8221;90&#8243; padding_bottom=&#8221;90&#8243;][vc_column css_animation=&#8221;fadeInDown&#8221;]<div class=\"landing-title center wpb_content_element\"><h1 class=\"landing-title-tag\" style=\"font-size:33px;\">Today's Public <strong>International<\/strong> Law<\/h1><div class=\"landing-desc\">Today\u2019s Public International Law, representa la convicci\u00f3n de que el pensamiento es importante para comprender mejor el mundo en el que vivimos invitando a gente de todos lados a formar parte de ese mismo modo de pensar.<\/p>\n<p>Today\u2019s Public International Law quiere reflejar la preocupaci\u00f3n por encontrar respuestas sobre distintas cuestiones del derecho internacional p\u00fablico que afectan de manera directa y concreta el mundo en el que vivimos. \u00bfPuede un estado intervenir en otro sin su consentimiento cuando este \u00faltimo no cumple con su rol de velar por los derechos humanos de sus ciudadanos? \u00bfC\u00f3mo interact\u00faa el derecho fiscal con el derecho internacional humanitario? \u00bfC\u00f3mo afecta el derecho internacional a las Empresas militares de seguridad privada, recurso cada vez m\u00e1s utilizado durante los conflictos armados? \u00bfQu\u00e9 responsabilidad tienen los estados sobre ellos? Estas y otras muchas preguntan trataran de ser abordadas a trav\u00e9s de trabajos de investigaci\u00f3n originales que ya han sido sometidos a la cr\u00edtica de profesores expertos en la materia.<\/p>\n<p>Tambi\u00e9n se incluye algunos an\u00e1lisis relacionados al narcotr\u00e1fico y a las drogas, los cuales, al ser un fen\u00f3meno profundamente transnacional, nos pareci\u00f3 oportuno que sean incluidos en esta p\u00e1gina.<\/p>\n<p>Este sitio, que seguir\u00e1 en construcci\u00f3n y actualiz\u00e1ndose con nuevos trabajos, tiene como principal objetivo impulsar el incentivo hacia la b\u00fasqueda e investigaci\u00f3n de nuevos temas en derecho internacional con el fin de poder compartirlos, teniendo en cuenta especialmente que esta materia esta en constante evoluci\u00f3n.<\/p>\n<p>Sin m\u00e1s, convencido de lo que dec\u00eda Herni D. Lacordaire \u201cPensar es moverse en el infinito\u201d, los invito a compartir esta iniciativa emprendedora en el derecho. En esta oportunidad, de lo internacional.<\/p>\n<p>J\u00e9r\u00e9mie Swinnen<\/div><\/div>[\/vc_column][\/vc_row][vc_row row_bg=&#8221;video&#8221; video_raster=&#8221;yes&#8221; video_autoplay=&#8221;yes&#8221; video_mute=&#8221;yes&#8221; video_opacity=&#8221;0.3&#8243; bg_video=&#8221;https:\/\/youtu.be\/rHYcAPAqE0o&#8221; padding_top=&#8221;90&#8243; padding_bottom=&#8221;90&#8243;][vc_column]<div class=\"landing-title center wpb_content_element\"><h1 class=\"landing-title-tag\" style=\"font-size:40px;\"><strong>Today's Public International Law<\/strong><\/h1><div class=\"landing-desc\">Secci\u00f3n de art\u00edculos de inter\u00e9s y actualidad sobre Derecho Penal Internacional, Derecho Internacional Humanitario, Terrorismo Internacional y otras cuestiones vinculadas al Derecho Internacional.<\/div><\/div><div class=\"space\" style=\"height:15px;\"><\/div>[vc_button title=&#8221;Trabajos Monogr\u00e1ficos&#8221; position=&#8221; tac&#8221; size=&#8221; large&#8221; icon=&#8221;font-awesome&#8221; icon_awesome=&#8221;book&#8221; href=&#8221;http:\/\/theinternationalobservatory.com\/index.php\/category\/monografia\/&#8221; font_color=&#8221;#1e73be&#8221; color=&#8221;#ffffff&#8221;][vc_button title=&#8221;Art\u00edculos breves&#8221; position=&#8221; tac&#8221; size=&#8221; large&#8221; icon=&#8221;font-awesome&#8221; icon_awesome=&#8221;file-text-o&#8221; font_color=&#8221;#1e73be&#8221; color=&#8221;#ffffff&#8221; href=&#8221;http:\/\/theinternationalobservatory.com\/index.php\/category\/articulos\/&#8221;][\/vc_column][\/vc_row]<\/p>\n<\/div>","protected":false},"excerpt":{"rendered":"<p>[vc_row row_layout=&#8221; fullwidth&#8221; row_bg=&#8221;grey&#8221; padding_top=&#8221;90&#8243; padding_bottom=&#8221;90&#8243;][vc_column css_animation=&#8221;fadeInDown&#8221;][\/vc_column][\/vc_row][vc_row row_bg=&#8221;video&#8221; video_raster=&#8221;yes&#8221; video_autoplay=&#8221;yes&#8221; video_mute=&#8221;yes&#8221; video_opacity=&#8221;0.3&#8243; bg_video=&#8221;https:\/\/youtu.be\/rHYcAPAqE0o&#8221; padding_top=&#8221;90&#8243; padding_bottom=&#8221;90&#8243;][vc_column][vc_button title=&#8221;Trabajos Monogr\u00e1ficos&#8221; position=&#8221; tac&#8221; size=&#8221; large&#8221; icon=&#8221;font-awesome&#8221; icon_awesome=&#8221;book&#8221; href=&#8221;http:\/\/theinternationalobservatory.com\/index.php\/category\/monografia\/&#8221; font_color=&#8221;#1e73be&#8221; color=&#8221;#ffffff&#8221;][vc_button title=&#8221;Art\u00edculos breves&#8221; position=&#8221; tac&#8221; size=&#8221; large&#8221; icon=&#8221;font-awesome&#8221; icon_awesome=&#8221;file-text-o&#8221; font_color=&#8221;#1e73be&#8221; color=&#8221;#ffffff&#8221; href=&#8221;http:\/\/theinternationalobservatory.com\/index.php\/category\/articulos\/&#8221;][\/vc_column][\/vc_row]<\/p>\n","protected":false},"author":1,"featured_media":0,"parent":0,"menu_order":0,"comment_status":"closed","ping_status":"closed","template":"sample-template-header4.php","meta":{"_monsterinsights_skip_tracking":false,"_monsterinsights_sitenote_active":false,"_monsterinsights_sitenote_note":"","_monsterinsights_sitenote_category":0,"footnotes":""},"class_list":["post-3580","page","type-page","status-publish","hentry"],"yoast_head":"<!-- This site is optimized with the Yoast SEO plugin v23.3 - https:\/\/yoast.com\/wordpress\/plugins\/seo\/ -->\n<title>Today&#039;s Public International Law - The Observatory of International Law<\/title>\n<meta name=\"robots\" content=\"index, follow, max-snippet:-1, max-image-preview:large, max-video-preview:-1\" \/>\n<link rel=\"canonical\" href=\"https:\/\/theinternationalobservatory.com\/index.php\/todays-public-international-law\/\" \/>\n<meta property=\"og:locale\" content=\"es_ES\" \/>\n<meta property=\"og:type\" content=\"article\" \/>\n<meta property=\"og:title\" content=\"Today&#039;s Public International Law - The Observatory of International Law\" \/>\n<meta property=\"og:description\" content=\"[vc_row row_layout=&#8221; fullwidth&#8221; row_bg=&#8221;grey&#8221; padding_top=&#8221;90&#8243; padding_bottom=&#8221;90&#8243;][vc_column css_animation=&#8221;fadeInDown&#8221;][\/vc_column][\/vc_row][vc_row row_bg=&#8221;video&#8221; video_raster=&#8221;yes&#8221; video_autoplay=&#8221;yes&#8221; video_mute=&#8221;yes&#8221; video_opacity=&#8221;0.3&#8243; bg_video=&#8221;https:\/\/youtu.be\/rHYcAPAqE0o&#8221; padding_top=&#8221;90&#8243; padding_bottom=&#8221;90&#8243;][vc_column][vc_button title=&#8221;Trabajos Monogr\u00e1ficos&#8221; position=&#8221; tac&#8221; size=&#8221; large&#8221; icon=&#8221;font-awesome&#8221; icon_awesome=&#8221;book&#8221; href=&#8221;http:\/\/theinternationalobservatory.com\/index.php\/category\/monografia\/&#8221; font_color=&#8221;#1e73be&#8221; color=&#8221;#ffffff&#8221;][vc_button title=&#8221;Art\u00edculos breves&#8221; position=&#8221; tac&#8221; size=&#8221; large&#8221; icon=&#8221;font-awesome&#8221; icon_awesome=&#8221;file-text-o&#8221; font_color=&#8221;#1e73be&#8221; color=&#8221;#ffffff&#8221; href=&#8221;http:\/\/theinternationalobservatory.com\/index.php\/category\/articulos\/&#8221;][\/vc_column][\/vc_row]\" \/>\n<meta property=\"og:url\" content=\"https:\/\/theinternationalobservatory.com\/index.php\/todays-public-international-law\/\" \/>\n<meta property=\"og:site_name\" content=\"The Observatory of International Law\" \/>\n<meta property=\"article:publisher\" content=\"https:\/\/www.facebook.com\/theobservatoryofinternationallaw\/\" \/>\n<meta property=\"article:modified_time\" content=\"2017-10-30T00:30:05+00:00\" \/>\n<meta name=\"twitter:card\" content=\"summary_large_image\" \/>\n<meta name=\"twitter:site\" content=\"@The_OILaw\" \/>\n<meta name=\"twitter:label1\" content=\"Tiempo de lectura\" \/>\n\t<meta name=\"twitter:data1\" content=\"2 minutos\" \/>\n<script type=\"application\/ld+json\" class=\"yoast-schema-graph\">{\"@context\":\"https:\/\/schema.org\",\"@graph\":[{\"@type\":\"WebPage\",\"@id\":\"https:\/\/theinternationalobservatory.com\/index.php\/todays-public-international-law\/\",\"url\":\"https:\/\/theinternationalobservatory.com\/index.php\/todays-public-international-law\/\",\"name\":\"Today's Public International Law - The Observatory of International Law\",\"isPartOf\":{\"@id\":\"https:\/\/theinternationalobservatory.com\/#website\"},\"datePublished\":\"2017-07-01T19:33:42+00:00\",\"dateModified\":\"2017-10-30T00:30:05+00:00\",\"breadcrumb\":{\"@id\":\"https:\/\/theinternationalobservatory.com\/index.php\/todays-public-international-law\/#breadcrumb\"},\"inLanguage\":\"es-AR\",\"potentialAction\":[{\"@type\":\"ReadAction\",\"target\":[\"https:\/\/theinternationalobservatory.com\/index.php\/todays-public-international-law\/\"]}]},{\"@type\":\"BreadcrumbList\",\"@id\":\"https:\/\/theinternationalobservatory.com\/index.php\/todays-public-international-law\/#breadcrumb\",\"itemListElement\":[{\"@type\":\"ListItem\",\"position\":1,\"name\":\"Inicio\",\"item\":\"https:\/\/theinternationalobservatory.com\/\"},{\"@type\":\"ListItem\",\"position\":2,\"name\":\"Today&#8217;s Public International Law\"}]},{\"@type\":\"WebSite\",\"@id\":\"https:\/\/theinternationalobservatory.com\/#website\",\"url\":\"https:\/\/theinternationalobservatory.com\/\",\"name\":\"The Observatory of International Law\",\"description\":\"Interesting things in International Law\",\"potentialAction\":[{\"@type\":\"SearchAction\",\"target\":{\"@type\":\"EntryPoint\",\"urlTemplate\":\"https:\/\/theinternationalobservatory.com\/?s={search_term_string}\"},\"query-input\":\"required name=search_term_string\"}],\"inLanguage\":\"es-AR\"}]}<\/script>\n<!-- \/ Yoast SEO plugin. -->","yoast_head_json":{"title":"Today's Public International Law - The Observatory of International Law","robots":{"index":"index","follow":"follow","max-snippet":"max-snippet:-1","max-image-preview":"max-image-preview:large","max-video-preview":"max-video-preview:-1"},"canonical":"https:\/\/theinternationalobservatory.com\/index.php\/todays-public-international-law\/","og_locale":"es_ES","og_type":"article","og_title":"Today's Public International Law - The Observatory of International Law","og_description":"[vc_row row_layout=&#8221; fullwidth&#8221; row_bg=&#8221;grey&#8221; padding_top=&#8221;90&#8243; padding_bottom=&#8221;90&#8243;][vc_column css_animation=&#8221;fadeInDown&#8221;][\/vc_column][\/vc_row][vc_row row_bg=&#8221;video&#8221; video_raster=&#8221;yes&#8221; video_autoplay=&#8221;yes&#8221; video_mute=&#8221;yes&#8221; video_opacity=&#8221;0.3&#8243; bg_video=&#8221;https:\/\/youtu.be\/rHYcAPAqE0o&#8221; padding_top=&#8221;90&#8243; padding_bottom=&#8221;90&#8243;][vc_column][vc_button title=&#8221;Trabajos Monogr\u00e1ficos&#8221; position=&#8221; tac&#8221; size=&#8221; large&#8221; icon=&#8221;font-awesome&#8221; icon_awesome=&#8221;book&#8221; href=&#8221;http:\/\/theinternationalobservatory.com\/index.php\/category\/monografia\/&#8221; font_color=&#8221;#1e73be&#8221; color=&#8221;#ffffff&#8221;][vc_button title=&#8221;Art\u00edculos breves&#8221; position=&#8221; tac&#8221; size=&#8221; large&#8221; icon=&#8221;font-awesome&#8221; icon_awesome=&#8221;file-text-o&#8221; font_color=&#8221;#1e73be&#8221; color=&#8221;#ffffff&#8221; href=&#8221;http:\/\/theinternationalobservatory.com\/index.php\/category\/articulos\/&#8221;][\/vc_column][\/vc_row]","og_url":"https:\/\/theinternationalobservatory.com\/index.php\/todays-public-international-law\/","og_site_name":"The Observatory of International Law","article_publisher":"https:\/\/www.facebook.com\/theobservatoryofinternationallaw\/","article_modified_time":"2017-10-30T00:30:05+00:00","twitter_card":"summary_large_image","twitter_site":"@The_OILaw","twitter_misc":{"Tiempo de lectura":"2 minutos"},"schema":{"@context":"https:\/\/schema.org","@graph":[{"@type":"WebPage","@id":"https:\/\/theinternationalobservatory.com\/index.php\/todays-public-international-law\/","url":"https:\/\/theinternationalobservatory.com\/index.php\/todays-public-international-law\/","name":"Today's Public International Law - The Observatory of International Law","isPartOf":{"@id":"https:\/\/theinternationalobservatory.com\/#website"},"datePublished":"2017-07-01T19:33:42+00:00","dateModified":"2017-10-30T00:30:05+00:00","breadcrumb":{"@id":"https:\/\/theinternationalobservatory.com\/index.php\/todays-public-international-law\/#breadcrumb"},"inLanguage":"es-AR","potentialAction":[{"@type":"ReadAction","target":["https:\/\/theinternationalobservatory.com\/index.php\/todays-public-international-law\/"]}]},{"@type":"BreadcrumbList","@id":"https:\/\/theinternationalobservatory.com\/index.php\/todays-public-international-law\/#breadcrumb","itemListElement":[{"@type":"ListItem","position":1,"name":"Inicio","item":"https:\/\/theinternationalobservatory.com\/"},{"@type":"ListItem","position":2,"name":"Today&#8217;s Public International Law"}]},{"@type":"WebSite","@id":"https:\/\/theinternationalobservatory.com\/#website","url":"https:\/\/theinternationalobservatory.com\/","name":"The Observatory of International Law","description":"Interesting things in International Law","potentialAction":[{"@type":"SearchAction","target":{"@type":"EntryPoint","urlTemplate":"https:\/\/theinternationalobservatory.com\/?s={search_term_string}"},"query-input":"required name=search_term_string"}],"inLanguage":"es-AR"}]}},"_links":{"self":[{"href":"https:\/\/theinternationalobservatory.com\/index.php\/wp-json\/wp\/v2\/pages\/3580"}],"collection":[{"href":"https:\/\/theinternationalobservatory.com\/index.php\/wp-json\/wp\/v2\/pages"}],"about":[{"href":"https:\/\/theinternationalobservatory.com\/index.php\/wp-json\/wp\/v2\/types\/page"}],"author":[{"embeddable":true,"href":"https:\/\/theinternationalobservatory.com\/index.php\/wp-json\/wp\/v2\/users\/1"}],"replies":[{"embeddable":true,"href":"https:\/\/theinternationalobservatory.com\/index.php\/wp-json\/wp\/v2\/comments?post=3580"}],"version-history":[{"count":28,"href":"https:\/\/theinternationalobservatory.com\/index.php\/wp-json\/wp\/v2\/pages\/3580\/revisions"}],"predecessor-version":[{"id":3609,"href":"https:\/\/theinternationalobservatory.com\/index.php\/wp-json\/wp\/v2\/pages\/3580\/revisions\/3609"}],"wp:attachment":[{"href":"https:\/\/theinternationalobservatory.com\/index.php\/wp-json\/wp\/v2\/media?parent=3580"}],"curies":[{"name":"wp","href":"https:\/\/api.w.org\/{rel}","templated":true}]}}