{"id":5167,"date":"2019-04-23T14:13:33","date_gmt":"2019-04-23T17:13:33","guid":{"rendered":"https:\/\/theinternationalobservatory.com\/?page_id=5167"},"modified":"2019-04-23T14:21:05","modified_gmt":"2019-04-23T17:21:05","slug":"sitios-utiles","status":"publish","type":"page","link":"https:\/\/theinternationalobservatory.com\/index.php\/sitios-utiles\/","title":{"rendered":"Sitios \u00datiles"},"content":{"rendered":"<div class=\"wpb-content-wrapper\"><p>[vc_row font_color=&#8221;dark&#8221; row_bg=&#8221;image&#8221; bg_paralax=&#8221;yes&#8221; bg_image=&#8221;5045&#8243; padding_top=&#8221;80&#8243; padding_bottom=&#8221;50&#8243;][vc_column]<div class=\"space\" style=\"height:25px;\"><\/div><div class=\"landing-title center wpb_content_element\"><h1 class=\"landing-title-tag\" style=\"font-size:45px;\">Sitios <strong>\u00datiles<\/strong><\/h1><\/div>[\/vc_column][\/vc_row][vc_row row_bg=&#8221;grey&#8221;][vc_column]<div class=\"space\" style=\"height:25px;\"><\/div>[vc_column_text css_animation=&#8221;fadeInDown&#8221;]<\/p>\n<h3 style=\"text-align: center;\">\u00a1Solo tienes que elegir donde navegar y te llevaremos a ello!<\/h3>\n<p>[\/vc_column_text]<div class=\"space\" style=\"height:15px;\"><\/div>[vc_separator color=&#8221;orange&#8221;][vc_column_text]<strong>PRINCIPALES PAGINAS UTILES\u00a0<\/strong><\/p>\n<ul>\n<li>Naciones Unidas \u00a0<a href=\"http:\/\/www.un.org\/\">http:\/\/www.un.org\/<\/a><\/li>\n<li>Centro de Noticias de Naciones Unidas\u00a0<a href=\"http:\/\/www.un.org\/spanish\/News\/\">http:\/\/www.un.org\/spanish\/News\/<\/a><\/li>\n<li>Tribunal Internacional de justicia\u00a0<a href=\"http:\/\/www.icj-cij.org\/\">http:\/\/www.icj-cij.org\/<\/a><\/li>\n<li>Organizacion de Estados Americanos\u00a0<a href=\"http:\/\/www.oas.org\/es\/\">http:\/\/www.oas.org\/es\/<\/a><\/li>\n<li>Tribunal Penal Internacional\u00a0http:<a href=\"http:\/\/www.icc-cpi.int\/Pages\/default.aspx\">\/\/www.icc-cpi.int\/<\/a><\/li>\n<li>Oficina de las Naciones Unidas contra la Droga y el Delito (UNODC):\u00a0<a href=\"http:\/\/www.unodc.org\/\">http:\/\/www.unodc.org\/<\/a><\/li>\n<li>Comit\u00e9 Internacional de la Cruz Roja (C.I.C.R)\u00a0<a href=\"http:\/\/www.icrc.org\/\">www.icrc.org\/<\/a><\/li>\n<li>Medicos Sin Fronteras\u00a0<a href=\"http:\/\/www.msf.es\/\">http:\/\/www.msf.es\/<\/a><\/li>\n<li>Escuela Cultura de Paz\u00a0<a href=\"http:\/\/escolapau.uab.cat\/index.php?lang=es\">http:\/\/escolapau.uab.cat\/index.php?lang=es<\/a><\/li>\n<li>Amnesty International\u00a0<a href=\"http:\/\/www.amnesty.org\/\">www.amnesty.org\/<\/a><\/li>\n<li>Human Rights Watch\u00a0<a href=\"http:\/\/www.hrw.org\/\">www.hrw.org\/<\/a><\/li>\n<li>Centro por la Justicia y el Derecho Internacional (CEJIL)\u00a0<a href=\"http:\/\/www.cejil.org\/\">www.cejil.org\/<\/a><\/li>\n<\/ul>\n<p><strong>\u00a0 DERECHOS HUMANOS<\/strong><\/p>\n<ul>\n<li>Oficina del Alto Comisionado de las Naciones Unidas para los Derechos Humanos\u00a0<a href=\"http:\/\/www.ohchr.org\/\">www.unhchr.ch<\/a><\/li>\n<li>Consejo de Derechos Humanos\u00a0<a href=\"http:\/\/www.ohchr.org\/SP\">www.ohchr.org<\/a><\/li>\n<li>Comisi\u00f3n Interamericana de Derechos Humanos\u00a0<a href=\"http:\/\/www.cidh.org\/\">www.cidh.org<\/a><\/li>\n<li>Corte Interamericana de Derechos Humanos\u00a0<a href=\"http:\/\/www.corteidh.or.cr\/\">www.corteidh.or.cr<\/a><\/li>\n<li>Comite Internacional de la Cruz Roja (C.I.C.R)\u00a0<a href=\"http:\/\/www.icrc.org\/\">www.icrc.org\/<\/a><\/li>\n<li>Amnesty International\u00a0<a href=\"http:\/\/www.amnesty.org\/\">www.amnesty.org\/<\/a><\/li>\n<li>Human Rights Watch\u00a0<a href=\"http:\/\/www.hrw.org\/\">www.hrw.org\/<\/a><\/li>\n<li>Centro por la Justicia y el Derecho Internacional (CEJIL)\u00a0<a href=\"http:\/\/www.cejil.org\/\">www.cejil.org\/<\/a><\/li>\n<\/ul>\n<p><strong>ORGANIZACIONES INTERNACIONALES<\/strong><\/p>\n<ul>\n<li>Alto Comisariado de las Naciones Unidas para los Derechos Humanos\u00a0<a href=\"http:\/\/www.unhcr.org\/\">www.unhcr.org<\/a><\/li>\n<li>CAB International\u00a0<a href=\"http:\/\/www.cabi.org\/\">www.cabi.org<\/a><\/li>\n<li>CARE\u00a0<a href=\"http:\/\/www.care.org\/\">www.care.org<\/a><\/li>\n<li>Consultative Group on International Agricultural Research (CGIAR)\u00a0<a href=\"http:\/\/www.cgiar.org\/\">www.cgiar.org<\/a><\/li>\n<li>Counterpart International\u00a0<a href=\"http:\/\/www.counterpart.org\/\">www.counterpart.org<\/a><\/li>\n<li>Food and Agriculture Organization of the United Nations \u2013 Organizaci\u00f3n de las Naciones Unidas para la Alimentaci\u00f3n y la Agricultura\u00a0<a href=\"http:\/\/www.fao.org\/\">www.fao.org<\/a><\/li>\n<li>Foreign Trade Information System \u2013 Sistema de Informaci\u00f3n sobre Comercio Exterior (SICE)<a href=\"http:\/\/www.sice.oas.org\/\">www.sice.oas.org<\/a><\/li>\n<li>Habitat for Humanity International\u00a0<a href=\"http:\/\/www.habitat.org\/\">www.habitat.org<\/a><\/li>\n<li>International Atomic Energy Agency \u2013 Agencia Internacional de la Energ\u00eda At\u00f3mica\u00a0<a href=\"http:\/\/www.iaea.org\/\">www.iaea.or.at<\/a><\/li>\n<li>International Civil Aviation Organization \u2013 Organizaci\u00f3n Internacional de la Aviaci\u00f3n Civil\u00a0<a href=\"http:\/\/www.icao.int\/\">www.icao.int<\/a><\/li>\n<li>International Council on Social Welfare \u2013 Consejo Internacional del Bienestar Social\u00a0<a href=\"http:\/\/www.icsw.org\/\">www.icsw.org<\/a><\/li>\n<li>International Criminal Tribunal for Former Yugoslavia \u2013 Tribunal Penal Internacional por la ex Yugoslavia\u00a0<a href=\"http:\/\/www.un.org\/icty\">www.un.org\/icty<\/a><\/li>\n<li>International Criminal Tribunal for Rwanda \u2013 Tribunal Penal Internacional por Ruanda\u00a0<a href=\"http:\/\/www.ictr.org\/\">www.ictr.org<\/a><\/li>\n<li>International Fund for Agricultural Development \u2013 Fondo Internacional de Desarrollo Agr\u00edcola<a href=\"http:\/\/www.ifad.org\/\">www.ifad.org<\/a><\/li>\n<li>International Labour Organization \u2013 Organizaci\u00f3n Internacional del Trabajo\u00a0<a href=\"http:\/\/www.ilo.org\/\">www.ilo.org<\/a><\/li>\n<li>International Maritime Organization \u2013 Organizaci\u00f3n Mar\u00edtima Internacional\u00a0<a href=\"http:\/\/www.imo.org\/\">www.imo.org<\/a><\/li>\n<li>International Migration Organization \u2013 Organizaci\u00f3n Internacional para las Migraciones\u00a0<a href=\"http:\/\/www.iom.int\/\">www.iom.int<\/a><\/li>\n<li>International Monetary Fund \u2013 Fondo Monetario Internacional\u00a0<a href=\"http:\/\/www.imf.org\/\">www.imf.org<\/a><\/li>\n<li>International Telecommunication Organization \u2013 Uni\u00f3n Internacional de Telecomunicaciones<a href=\"http:\/\/www.itu.int\/\">www.itu.int<\/a><\/li>\n<li>Naciones Unidas, Centro de Informaci\u00f3n para Argentina y Uruguay\u00a0<a href=\"http:\/\/www.unic.org.ar\/\">www.unic.org.ar<\/a><\/li>\n<li>Pan American Health Organization \u2013 Organizaci\u00f3n Panamericana de la Salud\u00a0<a href=\"http:\/\/www.paho.org\/\">www.paho.org<\/a><\/li>\n<li>Sociedad Financiera Internacional\u00a0<a href=\"http:\/\/www.ifc.org\/\">www.ifc.org<\/a><\/li>\n<li>United Nations Children\u2019s Emergency Fund \u2013 Fondo Internacional de las Naciones Unidas para el Socorro a la Infancia\u00a0<a href=\"http:\/\/www.unicef.org\/\">www.unicef.org<\/a><\/li>\n<li>NetAid World Schoolhouse\u00a0<a href=\"http:\/\/www.netaid.org\/\">www.netaid.org<\/a><\/li>\n<li>United Nations Conference on Trade and Development \u2013 Conferencia de las Naciones Unidas para el Comercio y Desarrollo\u00a0<a href=\"http:\/\/www.unctad.org\/\">www.unctad.org<\/a><\/li>\n<li>United Nations Development Programme \u2013 Programa de las Naciones Unidas para el Desarrollo<a href=\"http:\/\/www.undp.org\/\">www.undp.org<\/a><\/li>\n<li>United Nations Educational, Scientific and Cultural Organization \u2013 Organizaci\u00f3n de las Naciones Unidas para la Educaci\u00f3n. la Ciencia y la Cultura\u00a0<a href=\"http:\/\/www.unesco.org\/\">www.unesco.org<\/a><\/li>\n<li>United Nations High Commissioner for Refugees \u2013 Alta Comisar\u00eda de las Naciones Unidas para los Refugiados\u00a0<a href=\"http:\/\/www.unhcr.ch\/\">www.unhcr.ch<\/a><\/li>\n<li>United Nations Industrial Development Organization \u2013 Organizaci\u00f3n de las Naciones Unidas para el Desarrollo Industrial\u00a0<a href=\"http:\/\/www.unido.org\/\">www.unido.org<\/a><\/li>\n<li>United Nations Institut for Training and Research \u2013 Instituto de las Naciones Unidas para la Formaci\u00f3n y la Investigaci\u00f3n\u00a0<a href=\"http:\/\/www.unitar.org\/\">www.unitar.org<\/a><\/li>\n<li>United Nations Organization \u2013 Organizaci\u00f3n de las Naciones Unidas\u00a0<a href=\"http:\/\/www.un.org\/\">www.un.org<\/a><\/li>\n<li>United Nations Organization \u2013 Official WEB Site Locator for the United Nations System of Organizations<a href=\"http:\/\/www.unsystem.org\/\">www.unsystem.org<\/a><\/li>\n<li>United Nations Population Fund \u2013 Fondo de las Naciones Unidas para Actividades en Materia de Poblaci\u00f3n\u00a0<a href=\"http:\/\/www.unfpa.org\/\">www.unfpa.org<\/a><\/li>\n<li>United Nations Relief and Works Agency for Palestine Refugees in the Near East \u2013 Oficina de Socorros y Trabajos de las Naciones Unidas para los Refugiados de Palestina en el Cercano Oriente<a href=\"http:\/\/www.unrwa.org\/\">www.un.org\/unrwa<\/a><\/li>\n<li>United Nations University \u2013 Universidad de las Naciones Unidas\u00a0<a href=\"http:\/\/www.unu.edu\/\">www.unu.edu<\/a><\/li>\n<li>Universal Postal Union \u2013 Uni\u00f3n Postal Universal\u00a0<a href=\"http:\/\/www.upu.int\/\">www.upu.int<\/a><\/li>\n<li>World Bank \u2013 Banco Mundial\u00a0<a href=\"http:\/\/www.worldbank.org\/\">www.worldbank.org<\/a><\/li>\n<li>World Food Program \u2013 Programa Alimentario Mundial\u00a0<a href=\"http:\/\/www.wfp.org\/\">www.wfp.org<\/a><\/li>\n<li>World Health Organization \u2013 Organizaci\u00f3n Mundial de la Salud\u00a0<a href=\"http:\/\/www.who.int\/\">www.who.int<\/a><\/li>\n<li>World Intellectual Property Organization \u2013 Organizaci\u00f3n Mundial de la Propiedad Intelectual<a href=\"http:\/\/www.wipo.int\/\">www.wipo.int<\/a><\/li>\n<li>World Meteorological Organization \u2013 Organizaci\u00f3n Meteorol\u00f3gica Mundial\u00a0<a href=\"http:\/\/www.wmo.int\/\">www.wmo.in<\/a><\/li>\n<li>World Trade Organization \u2013 Organizaci\u00f3n Mundial del Comercio\u00a0<a href=\"http:\/\/www.wto.org\/\">www.wto.org<\/a><\/li>\n<li>World Tourism Organization \u2013 Organizaci\u00f3n Mundial del Turismo\u00a0<a href=\"http:\/\/www.world-tourism.org\/\">www.world-tourism.org<\/a><\/li>\n<\/ul>\n<p><strong>ORGANIZACIONES REGIONALES<\/strong><\/p>\n<ul>\n<li>African Development Bank \u2013 Banco Africano de Desarrollo\u00a0<a href=\"http:\/\/www.afdb.org\/\">www.afdb.org<\/a><\/li>\n<li>\u00c1rea de Libre Comercio de las Am\u00e9ricas \u2013 Free Trade Area of the Americas\u00a0<a href=\"http:\/\/www.ftaa-alca.org\/\">www.ftaa-alca.org<\/a><\/li>\n<li>Asian Development Bank \u2013 Banco Asi\u00e1tico de Desarrollo\u00a0<a href=\"http:\/\/www.adb.org\/\">www.adb.org<\/a><\/li>\n<li>Asia-Pacific Economic Cooperation \u2013 Cooperaci\u00f3n Econ\u00f3mica en Asia-Pac\u00edfico\u00a0<a href=\"http:\/\/www.apec.org\/\">www.apecsec.org.sg<\/a><\/li>\n<li>Association of Caribbean States \u2013 Asociaci\u00f3n de Estados del Caribe\u00a0<a href=\"http:\/\/www.acs-aec.org\/\">www.acs-aec.org<\/a><\/li>\n<li>Association of South East Asian Nations \u2013 Asociaci\u00f3n de Naciones del Sudeste Asi\u00e1tico<a href=\"http:\/\/www.aseansec.org\/\">www.asean.or.id<\/a><\/li>\n<li>Banco Central Europeo\u00a0<a href=\"http:\/\/www.ecb.int\/\">www.ecb.int<\/a><\/li>\n<li>Caribbean Community \u2013 Comunidad del Caribe\u00a0<a href=\"http:\/\/www.caricom.org\/\">www.caricom.org<\/a><\/li>\n<li>Comisi\u00f3n Europea\u00a0<a href=\"http:\/\/www.europa.eu.int\/comm\">www.europa.eu.int\/comm<\/a><\/li>\n<li>Comit\u00e9 de las Regiones de la Uni\u00f3n Europea\u00a0<a href=\"http:\/\/europa.eu\/about-eu\/institutions-bodies\/cor\/index_es.htm\">www.cor.eu.int<\/a><\/li>\n<li>Comit\u00e9 Econ\u00f3mico y Social de las Comunidades Europeas\u00a0<a href=\"http:\/\/www.ces.eu.int\/\">www.ces.eu.int<\/a><\/li>\n<li>Common Market for Easthern and Southern Africa \u2013 Mercado Com\u00fan del \u00c1frica Austral y Oriental<a href=\"http:\/\/www.comesa.int\/\">www.comesa.int<\/a><\/li>\n<li>Commonwealth\u00a0<a href=\"http:\/\/www.thecommonwealth.org\/\">www.thecommonwealth.org<\/a><\/li>\n<li>Comunidad Andina\u00a0<a href=\"http:\/\/www.comunidadandina.org\/\">www.comunidadandina.org<\/a><\/li>\n<li>Consejo de la Uni\u00f3n Europea\u00a0<a href=\"http:\/\/www.consilium.eu.int\/\">www.consilium.eu.int<\/a><\/li>\n<li>Council of the Baltic Sea States \u2013 Consejo de Estados del Mar B\u00e1ltico\u00a0<a href=\"http:\/\/www.baltinfo.org\/\">www.baltinfo.org<\/a><\/li>\n<li>Economic Community of West African States \u2013 Comunidad Econ\u00f3mica de Estados del \u00c1frica Occidental<a href=\"http:\/\/www.cedeao.org\/\">www.cedeao.org<\/a><\/li>\n<li>European Bank for Reconstruction and Development \u2013 Banco Europeo para la Reconstrucci\u00f3n y el Desarrollo\u00a0<a href=\"http:\/\/www.ebrd.org\/\">www.ebrd.org<\/a><\/li>\n<li>European Free Trade Association \u2013 Acuerdo Europeo de Libre Comercio\u00a0<a href=\"http:\/\/www.efta.int\/\">www.efta.int<\/a><\/li>\n<li>European Investment Bank \u2013 Banco Europeo de Inversiones\u00a0<a href=\"http:\/\/www.eib.org\/\">www.eib.org<\/a><\/li>\n<li>Grupo de los 77\u00a0<a href=\"http:\/\/www.g77.org\/\">www.g77.org<\/a><\/li>\n<li>Iniciativa Centro-Europea\u00a0<a href=\"http:\/\/www.ceinet.org\/\">www.ceinet.org<\/a><\/li>\n<li>Iniciativa para la Cooperaci\u00f3n en Europa del Sudoeste\u00a0<a href=\"http:\/\/www.unece.org\/seci\">www.unece.org\/seci<\/a><\/li>\n<li>Inter-American Development Bank \u2013 Banco Interamericano de Desarrollo\u00a0<a href=\"http:\/\/www.iadb.org\/\">www.iadb.org<\/a><\/li>\n<li>MERCOSUR\u00a0<a href=\"http:\/\/www.mercosur.int\/\">www.mercosur.int<\/a><\/li>\n<li>MERCOSUR, Secretar\u00eda Administrativa del MERCOSUR\u00a0<a href=\"http:\/\/www.mercosur.org.uy\/\">www.mercosur.org.uy<\/a><\/li>\n<li>MERCOSUR, Presidencia\u00a0<a href=\"http:\/\/www.presidenciamercosur.org\/\">www.presidenciamercosur.org<\/a><\/li>\n<li>North Atlantic Treaty Organization \u2013 Organizaci\u00f3n del Tratado del Atl\u00e1ntico Norte\u00a0<a href=\"http:\/\/www.nato.int\/\">www.nato.int<\/a><\/li>\n<li>Organizaci\u00f3n de Estados Iberoamericanos para la Educaci\u00f3n, la Ciencia y la Cultura\u00a0<a href=\"http:\/\/www.oei.es\/\">www.oei.es<\/a><\/li>\n<li>Organizaci\u00f3n para la Seguridad y Cooperaci\u00f3n en Europa\u00a0<a href=\"http:\/\/www.osce.org\/\">www.osce.org<\/a><\/li>\n<li>Organization of African Unity \u2013 Organizaci\u00f3n de la Unidad Africana\u00a0<a href=\"http:\/\/en.wikipedia.org\/wiki\/Organisation_of_African_Unity\">www.oau-oua.org<\/a><\/li>\n<li>Organization of American States \u2013 Organizaci\u00f3n de Estados Americanos\u00a0<a href=\"http:\/\/www.oas.org\/\">www.oas.org<\/a><\/li>\n<li>Organization of the Petroleum Exporting Countries \u2013 Organizaci\u00f3n de Pa\u00edses Exportadores de Petr\u00f3leo<a href=\"http:\/\/www.opec.org\/\">www.opec.org<\/a><\/li>\n<li>South Asian Association for Regional Cooperation \u2013 Asociaci\u00f3n de Asia del Sur para la Cooperaci\u00f3n Regional\u00a0<a href=\"http:\/\/www.saarc-sec.org\/\">www.south-asia.com\/saarc<\/a><\/li>\n<li>Parlamento Europeo\u00a0<a href=\"http:\/\/www.europarl.europa.eu\/news\/es\/\">www.europarl.eu.int<\/a><\/li>\n<li>Secretariado del Tratado de Libre Comercio de Am\u00e9rica del Norte\u00a0<a href=\"http:\/\/www.nafta-sec-alena.org\/\">www.nafta-sec-alena.org<\/a><\/li>\n<li>Southern African Development Community \u2013 Comunidad de Desarrollo de \u00c1frica Meridional\u00a0<a href=\"http:\/\/www.sadc-online.com\/\">www.sadc-online.com<\/a><\/li>\n<li>Tribunal de Cuentas de las Comunidades Europeas\u00a0<a href=\"http:\/\/europa.eu\/legislation_summaries\/fight_against_fraud\/antifraud_offices\/o10006_es.htm\">www.eca.eu.int<\/a><\/li>\n<li>Tribunal Europeo de Justicia\u00a0<a href=\"http:\/\/www.curia.eu.int\/\">www.curia.eu.int<\/a><\/li>\n<li>Uni\u00f3n Europea\u00a0<a href=\"http:\/\/www.europa.eu.int\/\">www.europa.eu.int<\/a><\/li>\n<li>Western European Union \u2013 Uni\u00f3n de Europa Occidental\u00a0<a href=\"http:\/\/www.weu.int\/\">www.weu.int<\/a><\/li>\n<li>Zona del Franco\u00a0<a href=\"http:\/\/www.izf.net\/\">www.izf.net<\/a><\/li>\n<\/ul>\n<p>[\/vc_column_text]<div class=\"space\" style=\"height:25px;\"><\/div>[\/vc_column][\/vc_row]<\/p>\n<\/div>","protected":false},"excerpt":{"rendered":"<p>[vc_row font_color=&#8221;dark&#8221; row_bg=&#8221;image&#8221; bg_paralax=&#8221;yes&#8221; bg_image=&#8221;5045&#8243; padding_top=&#8221;80&#8243; padding_bottom=&#8221;50&#8243;][vc_column][\/vc_column][\/vc_row][vc_row row_bg=&#8221;grey&#8221;][vc_column][vc_column_text css_animation=&#8221;fadeInDown&#8221;] \u00a1Solo tienes que elegir donde navegar y te llevaremos a ello! [\/vc_column_text][vc_separator color=&#8221;orange&#8221;][vc_column_text]PRINCIPALES PAGINAS UTILES\u00a0 Naciones Unidas \u00a0http:\/\/www.un.org\/ Centro de Noticias de Naciones Unidas\u00a0http:\/\/www.un.org\/spanish\/News\/ Tribunal Internacional de justicia\u00a0http:\/\/www.icj-cij.org\/ Organizacion de Estados Americanos\u00a0http:\/\/www.oas.org\/es\/ Tribunal Penal Internacional\u00a0http:\/\/www.icc-cpi.int\/ Oficina de las Naciones Unidas contra la Droga y el Delito (UNODC):\u00a0http:\/\/www.unodc.org\/ Comit\u00e9 Internacional de la Cruz Roja (C.I.C.R)\u00a0www.icrc.org\/ Medicos Sin Fronteras\u00a0http:\/\/www.msf.es\/ Escuela Cultura de Paz\u00a0http:\/\/escolapau.uab.cat\/index.php?lang=es Amnesty International\u00a0www.amnesty.org\/ Human Rights Watch\u00a0www.hrw.org\/ Centro por la Justicia y el Derecho Internacional (CEJIL)\u00a0www.cejil.org\/ \u00a0 DERECHOS HUMANOS Oficina del Alto Comisionado de las Naciones Unidas para los Derechos Humanos\u00a0www.unhchr.ch Consejo [&hellip;]<\/p>\n","protected":false},"author":1,"featured_media":0,"parent":0,"menu_order":0,"comment_status":"closed","ping_status":"closed","template":"template-full.php","meta":{"_monsterinsights_skip_tracking":false,"_monsterinsights_sitenote_active":false,"_monsterinsights_sitenote_note":"","_monsterinsights_sitenote_category":0,"footnotes":""},"class_list":["post-5167","page","type-page","status-publish","hentry"],"yoast_head":"<!-- This site is optimized with the Yoast SEO plugin v23.3 - https:\/\/yoast.com\/wordpress\/plugins\/seo\/ -->\n<title>Sitios \u00datiles - The Observatory of International Law<\/title>\n<meta name=\"description\" content=\"\u00a1Encuentra aqu\u00ed sitios web que te pueden ser de utilidad en tu busqueda internacional!\" \/>\n<meta name=\"robots\" content=\"index, follow, max-snippet:-1, max-image-preview:large, max-video-preview:-1\" \/>\n<link rel=\"canonical\" href=\"https:\/\/theinternationalobservatory.com\/index.php\/sitios-utiles\/\" \/>\n<meta property=\"og:locale\" content=\"es_ES\" \/>\n<meta property=\"og:type\" content=\"article\" \/>\n<meta property=\"og:title\" content=\"Sitios \u00datiles - The Observatory of International Law\" \/>\n<meta property=\"og:description\" content=\"\u00a1Encuentra aqu\u00ed sitios web que te pueden ser de utilidad en tu busqueda internacional!\" \/>\n<meta property=\"og:url\" content=\"https:\/\/theinternationalobservatory.com\/index.php\/sitios-utiles\/\" \/>\n<meta property=\"og:site_name\" content=\"The Observatory of International Law\" \/>\n<meta property=\"article:publisher\" content=\"https:\/\/www.facebook.com\/theobservatoryofinternationallaw\/\" \/>\n<meta property=\"article:modified_time\" content=\"2019-04-23T17:21:05+00:00\" \/>\n<meta name=\"twitter:card\" content=\"summary_large_image\" \/>\n<meta name=\"twitter:site\" content=\"@The_OILaw\" \/>\n<meta name=\"twitter:label1\" content=\"Tiempo de lectura\" \/>\n\t<meta name=\"twitter:data1\" content=\"7 minutos\" \/>\n<script type=\"application\/ld+json\" class=\"yoast-schema-graph\">{\"@context\":\"https:\/\/schema.org\",\"@graph\":[{\"@type\":\"WebPage\",\"@id\":\"https:\/\/theinternationalobservatory.com\/index.php\/sitios-utiles\/\",\"url\":\"https:\/\/theinternationalobservatory.com\/index.php\/sitios-utiles\/\",\"name\":\"Sitios \u00datiles - The Observatory of International Law\",\"isPartOf\":{\"@id\":\"https:\/\/theinternationalobservatory.com\/#website\"},\"datePublished\":\"2019-04-23T17:13:33+00:00\",\"dateModified\":\"2019-04-23T17:21:05+00:00\",\"description\":\"\u00a1Encuentra aqu\u00ed sitios web que te pueden ser de utilidad en tu busqueda internacional!\",\"breadcrumb\":{\"@id\":\"https:\/\/theinternationalobservatory.com\/index.php\/sitios-utiles\/#breadcrumb\"},\"inLanguage\":\"es-AR\",\"potentialAction\":[{\"@type\":\"ReadAction\",\"target\":[\"https:\/\/theinternationalobservatory.com\/index.php\/sitios-utiles\/\"]}]},{\"@type\":\"BreadcrumbList\",\"@id\":\"https:\/\/theinternationalobservatory.com\/index.php\/sitios-utiles\/#breadcrumb\",\"itemListElement\":[{\"@type\":\"ListItem\",\"position\":1,\"name\":\"Inicio\",\"item\":\"https:\/\/theinternationalobservatory.com\/\"},{\"@type\":\"ListItem\",\"position\":2,\"name\":\"Sitios \u00datiles\"}]},{\"@type\":\"WebSite\",\"@id\":\"https:\/\/theinternationalobservatory.com\/#website\",\"url\":\"https:\/\/theinternationalobservatory.com\/\",\"name\":\"The Observatory of International Law\",\"description\":\"Interesting things in International Law\",\"potentialAction\":[{\"@type\":\"SearchAction\",\"target\":{\"@type\":\"EntryPoint\",\"urlTemplate\":\"https:\/\/theinternationalobservatory.com\/?s={search_term_string}\"},\"query-input\":\"required name=search_term_string\"}],\"inLanguage\":\"es-AR\"}]}<\/script>\n<!-- \/ Yoast SEO plugin. -->","yoast_head_json":{"title":"Sitios \u00datiles - The Observatory of International Law","description":"\u00a1Encuentra aqu\u00ed sitios web que te pueden ser de utilidad en tu busqueda internacional!","robots":{"index":"index","follow":"follow","max-snippet":"max-snippet:-1","max-image-preview":"max-image-preview:large","max-video-preview":"max-video-preview:-1"},"canonical":"https:\/\/theinternationalobservatory.com\/index.php\/sitios-utiles\/","og_locale":"es_ES","og_type":"article","og_title":"Sitios \u00datiles - The Observatory of International Law","og_description":"\u00a1Encuentra aqu\u00ed sitios web que te pueden ser de utilidad en tu busqueda internacional!","og_url":"https:\/\/theinternationalobservatory.com\/index.php\/sitios-utiles\/","og_site_name":"The Observatory of International Law","article_publisher":"https:\/\/www.facebook.com\/theobservatoryofinternationallaw\/","article_modified_time":"2019-04-23T17:21:05+00:00","twitter_card":"summary_large_image","twitter_site":"@The_OILaw","twitter_misc":{"Tiempo de lectura":"7 minutos"},"schema":{"@context":"https:\/\/schema.org","@graph":[{"@type":"WebPage","@id":"https:\/\/theinternationalobservatory.com\/index.php\/sitios-utiles\/","url":"https:\/\/theinternationalobservatory.com\/index.php\/sitios-utiles\/","name":"Sitios \u00datiles - The Observatory of International Law","isPartOf":{"@id":"https:\/\/theinternationalobservatory.com\/#website"},"datePublished":"2019-04-23T17:13:33+00:00","dateModified":"2019-04-23T17:21:05+00:00","description":"\u00a1Encuentra aqu\u00ed sitios web que te pueden ser de utilidad en tu busqueda internacional!","breadcrumb":{"@id":"https:\/\/theinternationalobservatory.com\/index.php\/sitios-utiles\/#breadcrumb"},"inLanguage":"es-AR","potentialAction":[{"@type":"ReadAction","target":["https:\/\/theinternationalobservatory.com\/index.php\/sitios-utiles\/"]}]},{"@type":"BreadcrumbList","@id":"https:\/\/theinternationalobservatory.com\/index.php\/sitios-utiles\/#breadcrumb","itemListElement":[{"@type":"ListItem","position":1,"name":"Inicio","item":"https:\/\/theinternationalobservatory.com\/"},{"@type":"ListItem","position":2,"name":"Sitios \u00datiles"}]},{"@type":"WebSite","@id":"https:\/\/theinternationalobservatory.com\/#website","url":"https:\/\/theinternationalobservatory.com\/","name":"The Observatory of International Law","description":"Interesting things in International Law","potentialAction":[{"@type":"SearchAction","target":{"@type":"EntryPoint","urlTemplate":"https:\/\/theinternationalobservatory.com\/?s={search_term_string}"},"query-input":"required name=search_term_string"}],"inLanguage":"es-AR"}]}},"_links":{"self":[{"href":"https:\/\/theinternationalobservatory.com\/index.php\/wp-json\/wp\/v2\/pages\/5167"}],"collection":[{"href":"https:\/\/theinternationalobservatory.com\/index.php\/wp-json\/wp\/v2\/pages"}],"about":[{"href":"https:\/\/theinternationalobservatory.com\/index.php\/wp-json\/wp\/v2\/types\/page"}],"author":[{"embeddable":true,"href":"https:\/\/theinternationalobservatory.com\/index.php\/wp-json\/wp\/v2\/users\/1"}],"replies":[{"embeddable":true,"href":"https:\/\/theinternationalobservatory.com\/index.php\/wp-json\/wp\/v2\/comments?post=5167"}],"version-history":[{"count":11,"href":"https:\/\/theinternationalobservatory.com\/index.php\/wp-json\/wp\/v2\/pages\/5167\/revisions"}],"predecessor-version":[{"id":5175,"href":"https:\/\/theinternationalobservatory.com\/index.php\/wp-json\/wp\/v2\/pages\/5167\/revisions\/5175"}],"wp:attachment":[{"href":"https:\/\/theinternationalobservatory.com\/index.php\/wp-json\/wp\/v2\/media?parent=5167"}],"curies":[{"name":"wp","href":"https:\/\/api.w.org\/{rel}","templated":true}]}}